{"id":169,"date":"2021-01-02T09:36:02","date_gmt":"2021-01-02T09:36:02","guid":{"rendered":"https:\/\/serwaty.de\/?page_id=169"},"modified":"2021-01-11T17:17:57","modified_gmt":"2021-01-11T17:17:57","slug":"ueber-diese-seite","status":"publish","type":"page","link":"https:\/\/serwaty.de\/","title":{"rendered":"\u00dcber diese Seite"},"content":{"rendered":"<div class=\"entry\">\n<p>Diese Seiten werden sich mit der Familienforschung besch\u00e4ftigen, da dies eines meiner Hobbys ist.<\/p>\n<p>Es begann vor ein paar Jahren, als ich meinen Vater zu seinem 70. Geburtstag mit mehr Informationen \u00fcber seine Eltern und seine Vorfahren beschenken wollte. Leider gestaltete es sich schwieriger als ich gedacht hatte.<br \/>\nEr und seine etwas \u00e4ltere Schwester kamen 1948 allein als Jugendliche nach Oldenburg, da ihre leiblichen Eltern schon vorher verstorben waren. Sie kamen ohne irgendwelche Unterlagen in Oldenburg an, sie hatten keine Geburtsurkunden oder andere Schriftst\u00fccke. Einfach nichts!!<\/p>\n<p>Jedoch haben wir durch meine Suche im Internet einen tollen Kontakt zu den Kindern und der Enkeltochter seiner Halbschwester herstellen k\u00f6nnen, von der wir vorher au\u00dfer dem Namen und ihrem Geburtsdatum nichts wussten. Seit Weihnachten 2007 besteht ebenso ein sehr netter und informativer Kontakt mit Nachfahren der Schwester meines Gro\u00dfvaters &#8211; auch hier wussten wir bis zu diesem Zeitpunkt nichts von Geschwistern!<\/p>\n<p>Kurz danach begann ich, auch die Informationen meiner Mutter und ihrer Eltern zu verarbeiten und versuchte, mehr \u00fcber deren Vorfahren zu erfahren.<\/p>\n<p>Meine Mutter und ihre Eltern waren, im Unterschied zu meinem Vater, 1946 mit weiteren Bewohnern ihres Ortes vertrieben worden und nach Oldenburg gekommen. Dadurch blieben viel mehr Informationen, Fotos usw. erhalten. Sogar heute hat meine Mutter noch Kontakt mit einigen ihrer Schulfreundinnen aus ihrem Geburtsort!!<\/p>\n<p>Als meine Schwiegermutter von diesen Familienforschungen h\u00f6rte, erz\u00e4hlte sie mir, dass ihr verstorbener Mann schon vor \u00fcber 25 Jahren versucht hatte, mehr \u00fcber seine Vorfahren herauszufinden. Damals noch ohne Internet, nur per Post. Auch dies war m\u00f6glich!!<br \/>\nLeider sind viele seiner damaligen Unterlagen in der Zwischenzeit verloren gegangen. Mit dem, was \u00fcbrig war und dem Ged\u00e4chtnis meiner Schwiegermutter legte ich trotzdem munter los. Auch dies war und ist ziemlich schwierig, da der Nachname immer wieder anders geschrieben wurde, wie auch der meines Vaters.<\/p>\n<p>Noch immer bin ich dabei, mehr herauszufinden.<\/p>\n<p>Familienforschung kann ja (fast) unendlich weitergehen.<\/p>\n<p>Ich hoffe, durch diese Homepage andere Leute f\u00fcr ihre Familiengeschichte zu begeistern, mehr Informationen zu den o. g. Familien zu finden, aber auch um Kontakt zu anderen Interessierten zu bekommen.<br \/>\nJeder, der etwas Bekanntes oder Interessantes entdeckt, kann gerne mit mir Kontakt aufnehmen. Die meisten meiner Forschungsergebnisse kann ich mit Kopien der Eintr\u00e4ge belegen, die Quellenangaben und Belege gebe ich bei berechtigtem Interesse gerne weiter.<\/p>\n<p>Familienforschung lebt und erg\u00e4nzt sich durch den Kontakt mit Anderen.<br \/>\nAuch ich habe meine Forschungen durch die Hilfe Anderer erg\u00e4nzen und weiterf\u00fchren k\u00f6nnen. Diese Quellen gebe ich bei Nachfrage gerne weiter, da ich mich nicht mit &#8222;fremden Federn&#8220; schm\u00fccken m\u00f6chte. Ohne diese vielen verschiedenen und sehr hilfreichen Kontakte w\u00e4re ich nicht so weit gekommen.<br \/>\nNun viel Spa\u00df<\/p>\n<\/div>\n","protected":false},"excerpt":{"rendered":"<p>Diese Seiten werden sich mit der Familienforschung besch\u00e4ftigen, da dies eines meiner Hobbys ist. Es begann vor ein paar Jahren, als ich meinen Vater zu seinem 70. Geburtstag mit mehr Informationen \u00fcber seine Eltern und seine Vorfahren beschenken wollte. Leider gestaltete es sich schwieriger als ich gedacht hatte. Er und seine etwas \u00e4ltere Schwester kamen &#8230;<\/p>\n","protected":false},"author":1,"featured_media":0,"parent":0,"menu_order":0,"comment_status":"closed","ping_status":"closed","template":"","meta":[],"_links":{"self":[{"href":"https:\/\/serwaty.de\/index.php\/wp-json\/wp\/v2\/pages\/169"}],"collection":[{"href":"https:\/\/serwaty.de\/index.php\/wp-json\/wp\/v2\/pages"}],"about":[{"href":"https:\/\/serwaty.de\/index.php\/wp-json\/wp\/v2\/types\/page"}],"author":[{"embeddable":true,"href":"https:\/\/serwaty.de\/index.php\/wp-json\/wp\/v2\/users\/1"}],"replies":[{"embeddable":true,"href":"https:\/\/serwaty.de\/index.php\/wp-json\/wp\/v2\/comments?post=169"}],"version-history":[{"count":2,"href":"https:\/\/serwaty.de\/index.php\/wp-json\/wp\/v2\/pages\/169\/revisions"}],"predecessor-version":[{"id":194,"href":"https:\/\/serwaty.de\/index.php\/wp-json\/wp\/v2\/pages\/169\/revisions\/194"}],"wp:attachment":[{"href":"https:\/\/serwaty.de\/index.php\/wp-json\/wp\/v2\/media?parent=169"}],"curies":[{"name":"wp","href":"https:\/\/api.w.org\/{rel}","templated":true}]}}